 Let r be u(13). Let n = -66 + 92. Calculate the greatest common divisor of r and n.
26
Let g = -395 + 451. What is the highest common divisor of g and 7?
7
Let f = 74 + -36. Suppose -4*i + f + 42 = 0. Suppose -8*v = -413 - 387. What is the greatest common divisor of v and i?
20
Let b be ((-1008)/54)/(2/(-3)). Let h(j) = 3*j**2 + 3*j**2 - 2*j**2 - 4*j + 12*j**2 + 2. Let p be h(1). What is the greatest common divisor of p and b?
14
Let i(n) = 2*n + 35. Let w be i(-16). Suppose 60 = w*t + h, 0*t - 4*t + 4*h + 96 = 0. What is the highest common divisor of t and 42?
21
Let c = -238 + 242. What is the greatest common factor of c and 5?
1
Let t = 776 - 771. Suppose 5*b + 4*z - 121 = 0, 3*b + 3*z = 1 + 71. Calculate the highest common divisor of t and b.
5
Suppose 5*q - 6*q + 132 = 0. Suppose c - q = -5*c. Calculate the highest common factor of 11 and c.
11
Let d(c) = -c**2 + 5*c - 3. Let z be d(5). Let l be 86 - (z + (4 - 3)). Calculate the highest common divisor of 11 and l.
11
Let j be ((-3)/6)/(5306/(-1768) + 3). What is the greatest common divisor of j and 26?
26
Let r(s) = -s + 168. Let i be r(7). Let k = 61 + -38. Calculate the greatest common divisor of k and i.
23
Let f(q) = 6*q**2 - 6*q + 16. Let t be f(2). Calculate the greatest common divisor of t and 224.
28
Suppose 0 = -14*u - 16*u + 19440. Calculate the greatest common divisor of u and 9.
9
Let y be (0 - (4 + -1))/(21/(-1813)). What is the greatest common factor of y and 28?
7
Let j be (-2)/(-1) + -3 - -7. Suppose 4*d + 545 = -5*a, d = -2*a + j*d - 218. Let g = a - -163. What is the highest common factor of 6 and g?
6
Let w be 1120/18 + (-4)/18. Let v = -59 + w. Calculate the highest common factor of 3 and v.
3
Let z(q) = -3*q**2 + 30*q - 37. Let c be z(6). What is the greatest common divisor of 40 and c?
5
Let y(w) = -w**3 + 17*w**2 - 16*w + 15. Let d be y(11). Suppose 4*o - d = -169. Let q be (-295)/(-9) + 12/54. Calculate the highest common factor of o and q.
33
Suppose g + 4*g = -3*j - 22, 4*g - 4 = 0. Let i = j - -12. Let y be i/3 - (-3 + -6). Calculate the highest common factor of 50 and y.
10
Suppose 2*g + 2 = 26. Let l(j) = 2*j**3 - 4*j**2 + 9*j - 15. Let z be l(3). What is the highest common factor of z and g?
6
Let u(h) = 118*h + 500. Let b be u(0). What is the highest common factor of 200 and b?
100
Let g(m) = -m**3 + 6*m**2 - 2*m + 15. Let o be g(6). Suppose -c - o*s = -36, -7*c + 4*s = -5*c - 32. Calculate the highest common divisor of c and 16.
8
Suppose -4*u - m + 79 = 0, -3*u + 2*m + 102 = 2*u. Calculate the highest common factor of 45 and u.
5
Let w be (3 + -1)/(14/49). Suppose 0 = 2*y - 4*d + 2, 0 = -4*y - 2*d - 1 + w. What is the highest common divisor of y and 5?
1
Suppose -3*v - 9 = 6. Let b(h) = 2*h**3 + 7*h**2 + 7*h + 5. Let u be b(v). Let a be u/6*16/(-20). What is the greatest common factor of 42 and a?
14
Suppose -2*f - 2 = -3*y, 0*y = -3*y + 4*f - 2. Let a be 981/18 + y/(-4). Let k be a - ((-1 - 2) + 5). What is the highest common factor of k and 13?
13
Let p(q) = q**2 + q - 2. Let n be p(2). Let h(w) = -12*w**2 + 8*w**2 + 1 + n*w**2 - 31*w**3. Let a be h(-1). Calculate the greatest common divisor of 48 and a.
16
Suppose w = -5*s + 56 + 29, 3*w - 155 = 5*s. Calculate the highest common factor of w and 620.
20
Let h(t) = 4*t. Let g be 3/(-6) - 4/(-8). Suppose -c = -5 - g. Let p be h(c). What is the greatest common factor of p and 50?
10
Suppose 0 = 2*x + 2*l - 34, 11*x - 5*l - 115 = 6*x. What is the greatest common divisor of 152 and x?
4
Let l = -30 - -46. Suppose -51 + 6 = -2*d + u, 0 = -2*d - 3*u + 49. Let q = d - 7. What is the highest common divisor of l and q?
16
Let x = -7 + 2. Let t = 115 + x. Let r be (t/8)/(8/96). Calculate the highest common divisor of 15 and r.
15
Suppose 0 = 30*r - 7 - 23. Let i(u) = 3*u**2 - 2*u**2 - u + u**2 - 1. Let c be i(2). What is the highest common divisor of c and r?
1
Let o be (-1066)/(-18) - (-6)/(-27). Let i = 103 - o. What is the highest common factor of i and 4?
4
Suppose 1243 = -u + 1256. What is the highest common factor of 1651 and u?
13
Let n(k) = 2*k**3 + k**2 + 3*k + 3. Let z be n(-3). Let s = -17 - z. Calculate the greatest common divisor of s and 34.
34
Let d be ((-35)/(-14) + -2)*58. Calculate the highest common divisor of 696 and d.
29
Let g(v) = v**2 + 4*v + 13. Let t be g(-14). Let f(u) = -u**2 + 5*u - 3. Let o be f(3). Suppose -c - o*c = -68. What is the highest common factor of t and c?
17
Let b(o) = 2*o + 49. Let y be b(-19). What is the highest common divisor of 143 and y?
11
Suppose 4*l + 12*l = 1152. Let h be 0/(-1) + 0 - -36. What is the highest common divisor of h and l?
36
Let q(s) = -26*s + 26. Let b be q(8). Let z = -107 - b. What is the greatest common factor of z and 15?
15
Suppose 0 = 5*j + 10*j - 225. Calculate the greatest common factor of j and 615.
15
Suppose -2*f = 5*i - 378, 3*i - 366 = -2*i + f. Let j = i + -70. What is the greatest common factor of 4 and j?
4
Suppose -g + 6 = 5*z, 7 = 5*g - 4*z + 6*z. Let h = -1 + g. Suppose 4 = 4*k, i - 18 = -h*k + 5*k. What is the highest common divisor of i and 253?
23
Let f be (36/(-10))/(2/(-5)). Let l = 17 + -17. Suppose 5*a - o - 13 = l, a + a - 4*o + 2 = 0. What is the greatest common factor of a and f?
3
Let h = 4 + -2. Suppose -3*f + 40 = -h. Suppose 4*w - 393 = -0*w + x, 1 = -x. Calculate the greatest common divisor of w and f.
14
Suppose 9 = 3*o - 6. Let g = 0 + o. Let s(i) = i**3 - 10*i**2 + 11*i + 288. Let n be s(-4). What is the highest common divisor of n and g?
5
Let q = 1329 - 1287. What is the greatest common factor of 210 and q?
42
Suppose 4*a - 69 = 2*z - 19, a = -2*z + 10. What is the highest common factor of a and 108?
12
Let l = -41 + 41. Suppose 3*m - 79 = -4*j - l*m, -4*j + 80 = 4*m. Calculate the greatest common divisor of 76 and j.
19
Let k be (-3)/(-9) - (-1972)/204. Let t(p) = -p**2 + 8*p + 3. Let u be t(6). Calculate the highest common divisor of u and k.
5
Let s be (-3)/21 + 6929/91. Calculate the greatest common factor of s and 570.
38
Suppose 2472 = 14*k - 272. Calculate the greatest common divisor of 28 and k.
28
Suppose 4*m + m + 235 = 0. Let i = 86 + m. Suppose -i + 4 = -x. What is the greatest common divisor of x and 7?
7
Let i(l) = -l + 3. Let t be i(1). Suppose 2*c - 108 - t = 0. Calculate the greatest common divisor of 11 and c.
11
Let o be 1 + 1 + 1 + -2. Let s(b) = b + 1. Let x be s(o). Let d be 1 + -1 + 0 + x. What is the highest common factor of 10 and d?
2
Suppose -88 = -8*x + 3*x + n, 3*x - 60 = -3*n. What is the greatest common factor of x and 342?
18
Let b(p) = p**3 + 10*p**2 + 9*p + 2. Let u be b(-9). Suppose d + u*d = 54. Let l be d - (-2 + -1)/(-3). Calculate the greatest common factor of 17 and l.
17
Let q be (-5)/(((-85)/(-12))/(-17)). What is the highest common factor of 15 and q?
3
Let m = 15 + -46. Let b = m - -49. Let l be (-6)/36 + 75/b. Calculate the highest common divisor of l and 32.
4
Let c = -81 + 24. Let p = c - -183. Calculate the greatest common divisor of p and 21.
21
Suppose -224 = 343*o - 347*o. Calculate the highest common factor of 40 and o.
8
Let f = -43 - -68. Let h be 16/3 - 11/33. What is the greatest common factor of f and h?
5
Let a(q) = -q**3 + 6*q**2 + 5*q - 10. Let l be a(4). Suppose 2 = 2*n - 10. What is the greatest common factor of n and l?
6
Suppose 3*j + 621 - 1836 = 0. Calculate the highest common divisor of j and 45.
45
Suppose 5*s = 3*c - 20, c - 5*s - 16 - 4 = 0. Suppose 25*y - 23*y - 14 = c. What is the greatest common factor of y and 1?
1
Let h be 4/((-16)/18)*6. Let l = 12 + h. Let x be 63/6*(-100)/l. What is the highest common factor of 10 and x?
10
Let s = -81 - -172. Suppose -18 = -3*x + 21. Calculate the highest common factor of s and x.
13
Suppose -24*l = -2*v - 28*l + 26, -l = 1. Let b(u) = -136*u - 1. Let f be b(-1). Calculate the greatest common factor of v and f.
15
Let w(m) be the third derivative of m**5/20 - m**4/8 - 10*m**3/3 + 15*m**2. Let t be w(-5). What is the greatest common divisor of 14 and t?
14
Let w be 2/(1/(-10)*2). Let y = w + 24. Let c = -26 + 47. What is the highest common factor of y and c?
7
Let v be (63 + 21)/(6/9). What is the greatest common divisor of 54 and v?
18
Let q = 578 - 552. What is the highest common factor of q 